ivisor of 15847 and 897.
299
What is the highest common factor of 7 and 154?
7
Calculate the highest common factor of 2070 and 90.
90
What is the highest common divisor of 14 and 45794?
14
Calculate the highest common divisor of 572 and 104.
52
Calculate the greatest common factor of 24 and 12.
12
What is the highest common divisor of 232 and 840?
8
Calculate the greatest common factor of 644 and 210.
14
Calculate the highest common divisor of 180 and 510.
30
Calculate the greatest common divisor of 31 and 6293.
31
Calculate the greatest common factor of 14 and 1099.
7
Calculate the highest common factor of 747 and 1044.
9
What is the highest common divisor of 4278 and 414?
138
What is the highest common factor of 1027 and 26?
13
What is the highest common divisor of 102 and 374?
34
Calculate the greatest common factor of 132 and 108.
12
What is the greatest common factor of 204 and 1564?
68
Calculate the greatest common factor of 338 and 6760.
338
What is the greatest common factor of 220 and 20?
20
Calculate the highest common divisor of 70 and 42.
14
What is the highest common divisor of 386 and 2509?
193
What is the highest common factor of 13 and 39?
13
What is the greatest common divisor of 98 and 931?
49
Calculate the greatest common factor of 55 and 15.
5
What is the greatest common divisor of 108 and 12492?
36
What is the greatest common factor of 33 and 69?
3
What is the highest common divisor of 160 and 24?
8
What is the greatest common divisor of 9 and 1?
1
What is the greatest common factor of 167 and 87341?
167
What is the greatest common factor of 96 and 258?
6
What is the greatest common divisor of 25 and 3725?
25
Calculate the greatest common factor of 12 and 876.
12
Calculate the greatest common factor of 2754 and 162.
162
What is the highest common divisor of 646 and 476?
34
Calculate the highest common divisor of 7 and 16793.
7
What is the highest common factor of 11200 and 56?
56
Calculate the greatest common divisor of 7 and 13.
1
What is the highest common divisor of 238 and 918?
34
What is the greatest common factor of 14148 and 72?
36
What is the highest common factor of 423 and 235?
47
What is the greatest common divisor of 171 and 114?
57
Calculate the highest common divisor of 2456 and 40.
8
What is the greatest common factor of 16379 and 22?
11
What is the greatest common divisor of 5612 and 92?
92
Calculate the highest common factor of 8792 and 40.
8
What is the highest common divisor of 33 and 19415?
11
Calculate the highest common divisor of 3465 and 63.
63
Calculate the highest common factor of 704 and 128.
64
What is the greatest common factor of 75 and 162?
3
What is the greatest common factor of 84 and 294?
42
What is the greatest common divisor of 14 and 434?
14
What is the greatest common factor of 83 and 2490?
83
Calculate the greatest common factor of 12 and 50.
2
Calculate the greatest common divisor of 369 and 63.
9
Calculate the greatest common factor of 21 and 161.
7
What is the greatest common divisor of 4756 and 410?
82
What is the highest common divisor of 108 and 576?
36
What is the greatest common factor of 77 and 112?
7
Calculate the highest common factor of 276 and 44.
4
What is the greatest common factor of 657 and 73?
73
Calculate the greatest common factor of 44 and 297.
11
What is the greatest common factor of 172 and 3483?
43
What is the greatest common factor of 304 and 133?
19
Calculate the greatest common divisor of 10 and 3890.
10
What is the highest common divisor of 42 and 1232?
14
What is the greatest common factor of 54622 and 62?
62
Calculate the highest common divisor of 2050 and 369.
41
What is the greatest common factor of 380 and 220?
20
What is the greatest common divisor of 3128 and 136?
136
Calculate the greatest common divisor of 2160 and 45.
45
Calculate the highest common divisor of 56 and 504.
56
What is the highest common factor of 84 and 147?
21
Calculate the highest common divisor of 900 and 1062.
18
What is the greatest common divisor of 20 and 250?
10
Calculate the highest common divisor of 51 and 544.
17
Calculate the highest common divisor of 105 and 60.
15
Calculate the greatest common factor of 78 and 1248.
78
Calculate the greatest common divisor of 36 and 828.
36
Calculate the highest common divisor of 378 and 644.
14
What is the highest common divisor of 30 and 1970?
10
Calculate the highest common factor of 18 and 990.
18
What is the highest common divisor of 225 and 9?
9
What is the greatest common divisor of 1582 and 378?
14
Calculate the highest common factor of 335 and 10.
5
What is the greatest common factor of 14 and 2786?
14
Calculate the highest common factor of 53 and 2.
1
What is the highest common divisor of 54 and 126?
18
Calculate the highest common factor of 352 and 4.
4
Calculate the greatest common factor of 12 and 9.
3
What is the highest common divisor of 200 and 1112?
8
Calculate the highest common factor of 3886 and 2.
2
What is the highest common factor of 71 and 2911?
71
Calculate the highest common divisor of 72 and 1431.
9
What is the highest common factor of 11232 and 54?
54
What is the greatest common factor of 10989 and 37?
37
What is the highest common factor of 918 and 108?
54
What is the greatest common divisor of 2795 and 65?
65
Calculate the highest common divisor of 24 and 3972.
12
What is the greatest common factor of 2242 and 236?
118
What is the greatest common divisor of 190 and 90?
10
What is the highest common divisor of 204 and 357?
51
Calculate the greatest common factor of 16698 and 253.
253
What is the highest common divisor of 74 and 407?
37
What is the highest common divisor of 64 and 8384?
64
Calculate the greatest common divisor of 144 and 18.
18
What is the highest common divisor of 174 and 2494?
58
Calculate the greatest common divisor of 84 and 644.
28
Calculate the greatest common divisor of 40 and 920.
40
What is the highest common divisor of 28 and 12?
4
What is the highest common factor of 96 and 408?
24
What is the highest common factor of 17 and 5933?
17
Calculate the highest common factor of 355 and 142.
71
What is the greatest common divisor of 3250 and 208?
26
What is the greatest common factor of 22 and 2794?
22
Calculate the highest common divisor of 25 and 1550.
25
What is the highest common factor of 55 and 10?
5
What is the highest common factor of 14 and 22561?
7
Calculate the highest common factor of 270 and 3942.
54
What is the greatest common factor of 264 and 330?
66
What is the greatest common factor of 27 and 12?
3
What is the highest common divisor of 136 and 85?
17
What is the highest common divisor of 312 and 60?
12
What is the highest common divisor of 370 and 333?
37
What is the highest common divisor of 490 and 70?
70
Calculate the highest common factor of 23085 and 285.
285
What is the greatest common divisor of 14 and 63?
7
Calculate the greatest common factor of 374 and 506.
22
What is the highest common divisor of 30 and 750?
30
What is the highest common factor of 40 and 70?
10
What is the highest common factor of 60 and 730?
10
Calculate the highest common divisor of 3 and 183.
3
Calculate the greatest common factor of 33 and 77.
11
What is the highest common divisor of 800 and 512?
32
What is the greatest common factor of 2622 and 171?
57
What is the greatest common factor of 418 and 44?
22
What is the highest common factor of 85 and 119?
17
What is the greatest common factor of 18 and 2430?
18
Calculate the highest common divisor of 45 and 240.
15
What is the highest common factor of 60 and 3165?
15
What is the greatest common factor of 48 and 1284?
12
What is the greatest common divisor of 55 and 44?
11
Calculate the greatest common factor of 28194 and 1143.
381
Calculate the highest common divisor of 642 and 9309.
321
What is the greatest common divisor of 148 and 1258?
74
What is the highest common factor of 540 and 72?
36
Calculate the greatest common factor of 8272 and 88.
88
Calculate the highest common divisor of 270 and 4650.
30
Calculate the greatest common divisor of 102 and 4998.
102
Calculate the greatest common divisor of 56 and 98.
14
Calculate the greatest common divisor of 22 and 594.
22
What is the highest common factor of 90 and 27?
9
Calculate the g